3150 a multiple of 18?
True
Does 66 divide 1229250?
True
Is 12 a factor of 11180501?
False
Does 2 divide 71591?
False
Does 55 divide 512517?
False
Is 21082 a multiple of 83?
True
Is 21 a factor of 88536?
True
Does 8 divide 572739?
False
Is 89556 a multiple of 68?
True
Is 341021 a multiple of 23?
True
Does 29 divide 398116?
False
Is 338261 a multiple of 26?
False
Does 33 divide 144672?
True
Does 46 divide 995460?
False
Is 901432 a multiple of 390?
False
Is 2 a factor of 2924390?
True
Is 1086952 a multiple of 3?
False
Is 27 a factor of 1801926?
True
Is 176604 a multiple of 12?
True
Is 354 a factor of 633309?
False
Is 93 a factor of 365454?
False
Does 21 divide 141918?
True
Is 5744585 a multiple of 347?
True
Is 53 a factor of 30051?
True
Is 562537 a multiple of 1434?
False
Does 71 divide 334617?
False
Is 98220 a multiple of 30?
True
Is 175245 a multiple of 35?
True
Is 2 a factor of 37634?
True
Is 313890 a multiple of 261?
False
Is 33 a factor of 1554815?
False
Is 6380780 a multiple of 10?
True
Is 233487 a multiple of 223?
False
Does 16 divide 212944?
True
Is 116 a factor of 269468?
True
Is 129 a factor of 275833?
False
Does 7 divide 6055529?
False
Does 804 divide 2344464?
True
Is 332 a factor of 339636?
True
Is 2505631 a multiple of 186?
False
Is 3 a factor of 19342?
False
Is 209330 a multiple of 110?
True
Does 548 divide 2927416?
True
Does 11 divide 11782331?
True
Is 6 a factor of 34087?
False
Is 8 a factor of 196920?
True
Is 36 a factor of 17280?
True
Is 90 a factor of 116190?
True
Is 268763 a multiple of 461?
True
Is 219 a factor of 2083186?
False
Is 30628 a multiple of 12?
False
Is 59 a factor of 26837205?
False
Does 13 divide 1701102?
True
Does 83 divide 78057?
False
Is 56287 a multiple of 77?
True
Is 61285 a multiple of 8?
False
Is 35316 a multiple of 324?
True
Does 9 divide 687509?
False
Is 590291 a multiple of 406?
False
Does 8 divide 60472?
True
Is 3108526 a multiple of 5?
False
Does 213 divide 56729?
False
Does 94 divide 1110539?
False
Does 47 divide 10058?
True
Does 30 divide 141773?
False
Is 9 a factor of 58396?
False
Is 369653 a multiple of 27?
False
Does 11 divide 4306861?
False
Is 177230 a multiple of 5?
True
Is 1449094 a multiple of 17?
False
Is 2 a factor of 174371?
False
Is 3982081 a multiple of 542?
False
Is 25 a factor of 57787?
False
Does 40 divide 78960?
True
Is 800 a factor of 1831529?
False
Is 5 a factor of 90245?
True
Is 2666916 a multiple of 63?
True
Is 82 a factor of 4184378?
True
Is 8888 a multiple of 27?
False
Does 290 divide 228578?
False
Is 145311 a multiple of 405?
False
Is 69 a factor of 94031?
False
Does 439 divide 290179?
True
Is 36622 even?
True
Does 6 divide 680532?
True
Is 413 a factor of 173270?
False
Does 13 divide 86099?
True
Does 185 divide 681924?
False
Is 592920 a multiple of 2196?
True
Is 10 a factor of 42594?
False
Is 5052166 a multiple of 185?
False
Is 84 a factor of 518990?
False
Is 964549 a multiple of 258?
False
Is 1005 a factor of 31053013?
False
Is 532 a factor of 5131672?
True
Does 124 divide 472771?
False
Is 77 a factor of 81845?
False
Is 3 a factor of 15941?
False
Is 241260 a multiple of 60?
True
Is 1770219 a multiple of 106?
False
Does 298 divide 1108831?
False
Is 16 a factor of 31440?
True
Is 6885 a multiple of 12?
False
Is 79 a factor of 337251?
True
Does 46 divide 490614?
False
Does 400 divide 238400?
True
Is 1352200 a multiple of 3?
False
Does 10 divide 121602?
False
Is 15164666 a multiple of 35?
False
Is 1725 a factor of 7884975?
True
Is 3450964 a multiple of 15?
False
Is 26 a factor of 23179?
False
Is 3099580 a multiple of 22?
True
Is 7 a factor of 3508477?
True
Is 12268758 a multiple of 41?
True
Is 1135 a multiple of 5?
True
Does 381 divide 573024?
True
Is 639373 a multiple of 8?
False
Is 810464 a multiple of 19?
True
Does 27 divide 5051005?
False
Does 33 divide 1640859?
True
Is 9 a factor of 44406?
True
Does 13 divide 26949?
True
Does 257 divide 1403477?
True
Is 88 a factor of 676984?
True
Does 62 divide 494564?
False
Is 951600 a multiple of 122?
True
Is 707859 a multiple of 18?
False
Is 2480225 a multiple of 29?
True
Does 1107 divide 7349434?
False
Does 64 divide 96042?
False
Is 3 a factor of 8023?
False
Is 4 a factor of 128724?
True
Does 17 divide 335274?
True
Is 8920224 a multiple of 282?
True
Does 49 divide 99617?
True
Does 34 divide 55576?
False
Is 97698 a multiple of 11?
False
Is 34 a factor of 30568419?
False
Is 38 a factor of 13051401?
False
Does 12 divide 175015?
False
Is 507 a factor of 5686699?
False
Is 123 a factor of 2024457?
True
Is 879 a factor of 3802554?
True
Is 117 a factor of 145080?
True
Is 25 a factor of 47200?
True
Does 23 divide 5048684?
True
Is 52 a factor of 54236?
True
Does 5 divide 98221?
False
Is 505 a factor of 278424?
False
Is 31 a factor of 4943811?
False
Is 33 a factor of 862422?
True
Is 46941 a multiple of 67?
False
Is 1131069 a multiple of 181?
True
Is 276 a factor of 189336?
True
Is 139448 a multiple of 84?
False
Is 10 a factor of 346200?
True
Is 316704 a multiple of 14?
False
Is 613965 a multiple of 55?
True
Does 2 divide 157303?
False
Is 10 a factor of 5555535?
False
Does 38 divide 5834178?
True
Is 184618 a multiple of 7?
True
Is 4779293 a multiple of 346?
False
Does 22 divide 401445?
False
Is 94620 a multiple of 77?
False
Does 163 divide 132356?
True
Is 105468 a multiple of 17?
True
Is 52 a factor of 331118?
False
Is 1012602 a multiple of 6?
True
Is 8 a factor of 12070608?
True
Does 44 divide 9020?
True
Is 30691 a multiple of 47?
True
Does 266 divide 85372?
False
Does 12 divide 1017817?
False
Is 24705 a multiple of 27?
True
Does 2 divide 24897?
False
Is 619770 a multiple of 30?
True
Is 457306 a multiple of 12?
False
Does 196 divide 1022882?
False
Does 5 divide 2449335?
True
Is 311 a factor of 4847629?
False
Is 711624 a multiple of 54?
False
Is 10 a factor of 825532?
False
Is 2611259 a multiple of 79?
False
Is 85406 a multiple of 3?
False
Is 32062 a multiple of 391?
True
Does 180 divide 2252557?
False
Is 19 a factor of 369358?
False
Is 311070 a multiple of 39?
False
Is 17 a factor of 468248?
True
Is 56 a factor of 137428?
False
Is 99798 a multiple of 15?
False
Is 143 a factor of 2658893?
False
Does 8 divide 314581?
False
Does 244 divide 115168?
True
Is 238125 a multiple of 635?
True
Does 48 divide 613104?
True
Does 4 divide 4436?
True
Does 56 divide 670376?
True
Does 24 divide 2031502?
False
Is 83662 a multiple of 118?
True
Is 194 a factor of 9772729?
False
Is 21454 even?
True
Is 16 a factor of 724800?
True
Does 35 divide 2749110?
True
Is 8755 a multiple of 2?
False
Is 33988 a multiple of 29?
True
Is 83 a factor of 687617?
False
Does 293 divide 109188?
False
Does 37 divide 869532?
False
Is 456 a factor of 116737?
False
Is 201 a factor of 5575338?
True
Is 166 a factor of 453250?
False
Does 153 divide 311508?
True
Is 814033 a multiple of 43?
True
Is 269364 a multiple of 6?
True
Is 3 a factor of 11087?
False
Is 180 a factor of 16026263?
False
Does 6 divide 4459590?
True
Is 625859 a multiple of 177?
False
Does 282 divide 6834552?
True
Is 70063 a multiple of 77?
False
Is 10 a factor of 4296600?
True
Is 209 a factor of 558657?
True
Is 18 a factor of 824202?
True
Does 10 divide 608508?
False
Does 95 divide 252849?
False
Is 170 a factor of 201743?
False
Is 268 a factor of 175482?
False
Is 16 a factor of 842216?
False
Is 22405831 a multiple of 37?
True
Is 331034 a multiple of 18?
False
Is 109 a factor of 535439?
False
Does 55 divide 35878?
False
Is 5 a factor of 333343?
False
Is 259 a factor of 582491?
True
Does 2 divide 507899?
False
Does 144 divide 1168704?
True
Does 6 divide 548190?
True
Is 1377609 a multiple of 7?
False
Is 224386 a multiple of 9?
False
Is 731600 a multiple of 310?
True
Is 128 a factor of 4089856?
True
Is 335 a factor of 753784?
False
Is 13 a factor of 767676?
True
Is 1096 a factor of 1673592?
True
Does 42 divide 179654?
False
Is 18148820 a multiple of 23?
False
Does 618 divide 12845212?
False
Is 109 a factor of 118265?
True
Does 62 divide 802218?
True
Is 579 a factor of 426755?
False
Does 158 divide 273972?
True
Does 12 divide 763740?
True
Is 5 a factor of 28590?
True
Does 9 divide 895700?
False
Is 358244 a multiple of 254?
False
Does 11 divide 43549?
True
Is 26 a factor of 96486?
True
Is 1396730 a multiple of 210?
False
Does 55 d